(b).
2
Let x be 112/63 - 4/(-18). Let z(l) = l + x*l**2 - 4*l**2 - 3 + l. What is z(2)?
-7
Let k(h) = -h. Let t(c) = 7*c + 1. Let w(j) = -3*k(j) - t(j). Let s(z) = -z**2 + 4*z - 4. Let a be s(3). What is w(a)?
3
Suppose 2*z + w + 2 = 0, -2 - 12 = 2*z - 5*w. Let h(s) = 2*s + 2. Calculate h(z).
-2
Let a(h) = 7*h**3 + 3*h**2 - 3*h - 8. Let o(g) = 20*g**3 + 9*g**2 - 9*g - 23. Let j(r) = 17*a(r) - 6*o(r). Let x be ((-1)/(-2))/(3/(-24)). Calculate j(x).
6
Suppose -3*m - 2 = -m, 3*m = -5*g + 7. Let q(o) = -3*o**2 + o + 2. Give q(g).
-8
Let z = -2 - 0. Let t be z - ((1 - 2) + -14). Suppose 3*g - t = -2*r, -5*g - 2*r = -3*g - 8. Let o(p) = 3*p - 6. Give o(g).
9
Let h(l) = -7*l + 14. Let y(k) = -11*k + 22. Let i(f) = 8*h(f) - 5*y(f). Calculate i(-3).
5
Let m(b) be the first derivative of -10*b**3/3 + b**2/2 - b + 36. Suppose 0 = -z + 2*a - a - 1, -8 = -4*a. Determine m(z).
-10
Let l(s) be the second derivative of 0 - s**2 + 3*s - 2/3*s**3. Give l(-2).
6
Let s(j) = -8*j**3 + j**2 - j + 1. Let g be 6/(-21) + (-16)/(-7). Suppose -2*t = 2*p + 4, -5*p + 0*p = g*t + 1. Determine s(p).
-7
Let m(p) = -p - 1. Let k be m(-5). Suppose 3*o - 27 = -4*n, n - k*o + 11 = -2*n. Let v(q) = n*q**2 - q + 0*q**2 + 2*q. Give v(-1).
2
Let v = 58 - 56. Let d(p) = -5*p - 1. Determine d(v).
-11
Let c(y) = -2*y**3 + 2*y**2 - 4*y + 2. Let k(j) = -j + 7. Let r be k(5). Determine c(r).
-14
Let u(h) be the third derivative of -h**4/24 + 2*h**3/3 + 2*h**2. Let y be (4/1)/((-3)/(-6)). Suppose -i - i + y = 0. What is u(i)?
0
Suppose -10 = -p + 2*u, -2*p - 3*u - 4 = 4. Let v(m) = 3 + 0*m - 2*m + 2*m - 3*m. What is v(p)?
-3
Let z(f) = f**3. Suppose 3*u = -u. What is z(u)?
0
Let u(i) = 4*i**3 - 2*i**2 - i. Let p be (-1 - 7)*(-9)/12. Let h be p/(3/1 + -5). Let k be (1/1)/(h + 2). What is u(k)?
-5
Let h(j) be the third derivative of -j**4/24 + 5*j**3/3 + 12*j**2. Determine h(9).
1
Let y(j) = -j - 3. Let v be y(-2). Let w(z) = 7*z - 1. Determine w(v).
-8
Let x(u) = -37 - 37 - u + 67. Let c(m) = -m. Let w be c(-1). Let d = 1 - w. Determine x(d).
-7
Let w(p) be the first derivative of p**4/4 + 2*p**3/3 - 2*p**2 - 3*p + 1. Let v = -36 + 46. Suppose 2*t + 3*t + v = 0. What is w(t)?
5
Let j(k) be the first derivative of 3 + k - 5/2*k**2. What is j(1)?
-4
Let c be (24/10 + -2)*-5. Let y = c + 4. Let t(q) = 4*q**y - q**2 - 2*q**2 + 2*q. Give t(2).
8
Let k(l) be the third derivative of l**4/12 + 13*l**3/6 + 10*l**2. Calculate k(-9).
-5
Let k(v) = -3*v**2 - 2*v + 2. Suppose 7*o - 6*o = -3. Calculate k(o).
-19
Suppose 0 = 5*w - 4*d + 16 + 17, 0 = w - 5*d - 6. Let k be w/(3/8*4). Let c(n) = -n**3 - 7*n**2 - 6*n - 5. Determine c(k).
-5
Let k(l) = -l**3 - 10*l**2 + 10*l - 8. Let z be k(-11). Let q(y) = -4*y + 3. Determine q(z).
-9
Let l = -33 + 36. Let o(d) = -6*d**2 + 7 + 3*d**2 + 2*d**2 + 2*d - 4. Calculate o(l).
0
Suppose -3*h = -0*h + 3*o - 18, 0 = h + 3*o - 14. Let c(q) be the first derivative of q**4/4 - q**3/3 + 2*q + 1. Calculate c(h).
6
Let b(v) = -v**2 + 3*v - 6. Let p(r) = 4*r**2. Let o = 12 + -11. Let n be p(o). Determine b(n).
-10
Suppose -i - 4 = 3*h, h + h - i + 11 = 0. Let m(d) = -2*d**2 - 3*d + 1. Calculate m(h).
-8
Let i(o) = 0*o + 4*o - o. Let g(w) = -w + 14. Let u be g(12). Calculate i(u).
6
Suppose -6*l + 3*l - 9 = 0. Let o(u) = 2 - 4*u + 3*u**2 - 6*u**2 + 4*u**2 + 9*u. Give o(l).
-4
Let j(c) = -c**2 - 5*c + 7. Let x be j(-6). Suppose 2*u - 3*u = 0. Let q(r) = r + 0 + u. Determine q(x).
1
Let u = 7 - 6. Let n(o) = 5*o**2 - o. Give n(u).
4
Let n(r) = 2*r**2 + 2*r + 2. Let a(o) = 5*o**2 + 5*o + 4. Let j(x) = 3*a(x) - 7*n(x). Determine j(-3).
4
Suppose -b + 0 + 4 = 0. Suppose b*r + 3 = 11. Let l(o) = 0*o**2 + r*o + 1 - 5*o + o**2. Calculate l(3).
1
Let w(h) be the first derivative of -3*h**2 + 1/3*h**3 + 1 + 0*h. What is w(5)?
-5
Let a be 6/(-8)*-2*2. Suppose -3*m + a*f = 0, 3*f = -3*m + m + 10. Let o = -1 + m. Let l(z) = -7*z + 1. Calculate l(o).
-6
Suppose 0 = 3*z + 5*y - 3, -2*z - y - 4*y = -7. Let k(j) be the third derivative of -j**5/30 - 7*j**4/24 - 2*j**3/3 + j**2. Calculate k(z).
-8
Let s = 19 - 24. Let w(l) = -l**3 - 4*l**2 + 4*l - 2. Give w(s).
3
Let x(b) = -b**2 - 5*b - 3. Let u(q) = 4*q - 3. Let j be u(2). Suppose 20 + j = 5*w. Let v = w - 9. What is x(v)?
1
Let o(m) = 143*m + 110. Let q(u) = 8*u + 6. Let h(n) = -6*o(n) + 110*q(n). What is h(-1)?
-22
Let g(y) = 15*y + 14. Let l(r) = -7*r - 7. Let z(b) = -4*g(b) - 9*l(b). Give z(-6).
-11
Let a(p) = p**2 - 7*p - 7. Let y(b) = -b**3 - 5*b**2 - 7*b - 4. Let o be y(-4). Calculate a(o).
1
Let m(b) = -b - 6. Let n be m(-7). Let v(o) = o**2 + 3*o - 3 + 3 - 4*o - n + o**3. Give v(2).
9
Let o(a) be the first derivative of 1/2*a**2 - 1/3*a**3 - 2 + 2*a. Let i(q) = q**2 - q + 1. Let s be i(2). What is o(s)?
-4
Suppose 2*i + w = 4, -4*i - w + 2 = -4. Let o(f) = -2*f. Let b(p) = -88*p. Let n(l) = -b(l) + 40*o(l). Give n(i).
8
Let u(t) = 2*t - 11. Suppose -13*f = -12*f - 9. Give u(f).
7
Let j(r) = r - 3. Let k(b) = -1. Let a(y) = j(y) - 5*k(y). Calculate a(-8).
-6
Let x = 2 - 0. Let s = x + -3. Let k(g) = 5*g**3 + 2*g**2 + 2*g + 1. Determine k(s).
-4
Let z(j) = -11 - j**2 + 2 + 4 - 2*j + 7*j. Give z(5).
-5
Let n(s) = -9*s + 8*s - 2 - 3*s. Determine n(-2).
6
Let r = -64 - -68. Let y(l) = 4*l - 5. Calculate y(r).
11
Let z = 8 + -7. Let v(w) = 2*w**3 - w**2. Calculate v(z).
1
Let r(o) be the third derivative of -2/3*o**3 - 1/24*o**4 + o**2 + 0*o + 0. Give r(-4).
0
Let i(u) = -u**3 - u**2 - 9*u - 5. Let q(b) = b**3 + 8*b + 4. Let j(y) = 4*i(y) + 5*q(y). Let a be j(3). Let r(s) = -s**2 + 3*s - 2. Give r(a).
-2
Let l(s) be the third derivative of s**5/12 + s**4/4 + s**3/6 - s**2. Let o(r) = r**2. Let z(a) = -l(a) + 6*o(a). What is z(6)?
-1
Let y(q) = 6*q**2 + 5*q + 6. Let l(j) = 7*j**2 + 5*j + 6. Let w(b) = -5*l(b) + 6*y(b). Let i = 11 + -6. Suppose 4 = i*d + 24. Calculate w(d).
2
Let p(l) be the first derivative of -5*l**2/2 + 3*l + 31. Suppose 0 = 2*c - c - 2. Give p(c).
-7
Let n(w) = -w**3 + 5*w**2 + 7*w + 8. Suppose -4*q = 4*r - 44, 0*r = 5*q + 2*r - 40. Give n(q).
14
Let j(m) = -m - 5. Let b be j(-6). Let n(k) be the first derivative of -k**2 + k + b - k. What is n(3)?
-6
Let u(s) be the first derivative of -s**2/2 - 2*s - 1. Let m(r) = 2*r + 5. Let c(p) = 4*m(p) + 9*u(p). Give c(-3).
5
Let p be -20*((-2)/(-4) + -1). Let f = p + -17. Let u(n) = n**3 + 8*n**2 + 7*n + 2. Let v be u(f). Let h(q) = 2*q + 2. Determine h(v).
6
Let g(p) = -6*p**2 + 7*p - 6. Let z be g(1). Let d(m) = -m**2 - 5*m + 6. What is d(z)?
6
Let y(h) = -h**2 + 7*h. Let q = -7 + 13. What is y(q)?
6
Let l(c) = 3*c + 1. Let h(u) = 2 + 16*u + 2 + 0. Let m(p) = -2*h(p) + 11*l(p). Give m(0).
3
Let o(t) be the first derivative of t**4/4 + 2*t**3 + 3*t**2 + t - 1. Let a be ((-20)/16)/(2/8). Let l be o(a). Let c(x) = -x**3 - 3*x**2 + 6*x + 4. Give c(l).
-4
Suppose -2*a = 3*y - 6, -5*y + a + 6 = -2*y. Let t(l) = 20*l + 3 - 18*l + y*l**2 + 0*l**2. What is t(-2)?
7
Let h(z) = z**3 - 8*z**2 + 7*z + 4. Let b be h(7). Suppose -b*p - r - 2*r = 15, 3*p - 5*r = -4. Let v(k) = -5*k - k**2 + 2*k + 2*k. What is v(p)?
-6
Let h(o) = 3*o - 6. Let u = -9 + 15. Suppose -u*q + q + 25 = 0. Calculate h(q).
9
Let p(r) = 9*r**3 - 2*r + 1. Suppose 3 = -85*u + 88*u. What is p(u)?
8
Let i(w) = 3*w + 8. Let p be (-9)/(-2)*36/(-27). Give i(p).
-10
Let i(x) = -x**2 - 8*x + 12. Let a be i(-9). Let p(y) = -2*y**2 + 2*y**3 + 4*y**3 + 1 - 5*y**a. What is p(2)?
1
Let b(o) be the first derivative of o**3 - 3*o**2/2 - 11. Calculate b(2).
6
Suppose 45 = -0*w + 4*w - 5*f, 5*w = 4*f + 45. Let a(o) = -o**3 + 4*o - w*o**2 + 9 - 11 - 3*o - 5*o. What is a(-3)?
-8
Suppose -4*n - n + 30 = 0. Suppose -4*l + a = 3*a - 6, 4*a = l - n. Let v(k) = 0*k**l + 0*k**2 - k + k**2 - 4*k**3. Give v(1).
-4
Let y(a) = -a**2 - 5*a + 10. Let c = 14 - 21. Give y(c).
-4
Let q(l) = -l**2 + 6*l - 7. Let t = -6 + 12. What is q(t)?
-7
Let t(k) be the first derivative of -k**6/360 + k**5/60 + k**4/24 - k**3/3 + 2. Let l(d) be the third derivative of t(d). Give l(4).
-7
Suppose 0 = 6*g - 2*g. Suppose g = -4*u - 0*u - 32. Let x = u - -5. Let p(f) = f**2 + 2*f + 3. Calculate p(x).
6
Let z(w) = 6*w**3 - 2*w**2 + w - 4. Let o(s) = -7*s**3 + 2*s**2 - 2*s + 4. Let t be (-76)/13 + (-2)/13. Let r(c) = t*z(c) - 5*o(c). Determine r(4).
-12
Let l(v) be the 